{"id":310,"date":"2024-07-22T15:08:00","date_gmt":"2024-07-22T13:08:00","guid":{"rendered":"https:\/\/paulamichelle.payshop.com.co\/?post_type=product&#038;p=310"},"modified":"2025-02-22T00:51:10","modified_gmt":"2025-02-21T23:51:10","slug":"boton-amigas-en-el-prado","status":"publish","type":"product","link":"https:\/\/paulamichelle.payshop.com.co\/?product=boton-amigas-en-el-prado","title":{"rendered":"Bot\u00f3n Amigas en el Prado"},"content":{"rendered":"<p><br data-mce-bogus=\"1\"><\/p>\n","protected":false},"excerpt":{"rendered":"<p>Revive momentos de amistad y serenidad con nuestro encantador Bot\u00f3n Amigas en el Prado. Su ilustraci\u00f3n delicada de dos chicas recostadas en un prado verde, capturando la belleza de la complicidad y la naturaleza.<\/p>\n<p><strong>Caracter\u00edsticas:<\/strong><\/p>\n<ul>\n<li>Material: Bot\u00f3n redondo y met\u00e1lico con gancho.<\/li>\n<li>Medidas: 5,8 cm.<\/li>\n<li>Ideal para:\u00a0 Combinar con diferentes estilos y prendas, a\u00f1adiendo un toque \u00fanico y personal.<\/li>\n<\/ul>\n","protected":false},"featured_media":265,"comment_status":"open","ping_status":"closed","template":"","meta":{"_et_pb_use_builder":"","_et_pb_old_content":"","_et_gb_content_width":"","content-type":"","_monsterinsights_skip_tracking":false,"_monsterinsights_sitenote_active":false,"_monsterinsights_sitenote_note":"","_monsterinsights_sitenote_category":0,"_joinchat":[]},"product_brand":[],"product_cat":[60],"product_tag":[],"class_list":{"0":"post-310","1":"product","2":"type-product","3":"status-publish","4":"has-post-thumbnail","6":"product_cat-botones","8":"first","9":"instock","10":"shipping-taxable","11":"purchasable","12":"product-type-simple"},"yoast_head":"<!-- This site is optimized with the Yoast SEO plugin v27.0 - https:\/\/yoast.com\/product\/yoast-seo-wordpress\/ -->\n<title>Bot\u00f3n Amigas en el Prado - Paula Michelle Ilustra<\/title>\n<meta name=\"robots\" content=\"index, follow, max-snippet:-1, max-image-preview:large, max-video-preview:-1\" \/>\n<link rel=\"canonical\" href=\"http:\/\/paulamichelle.payshop.com.co\/?product=boton-amigas-en-el-prado\" \/>\n<meta property=\"og:locale\" content=\"es_ES\" \/>\n<meta property=\"og:type\" content=\"article\" \/>\n<meta property=\"og:title\" content=\"Bot\u00f3n Amigas en el Prado - Paula Michelle Ilustra\" \/>\n<meta property=\"og:description\" content=\"Revive momentos de amistad y serenidad con nuestro encantador Bot\u00f3n Amigas en el Prado. Su ilustraci\u00f3n delicada de dos chicas recostadas en un prado verde, capturando la belleza de la complicidad y la naturaleza.Caracter\u00edsticas:Material: Bot\u00f3n redondo y met\u00e1lico con gancho.Medidas: 5,8 cm.Ideal para:\u00a0 Combinar con diferentes estilos y prendas, a\u00f1adiendo un toque \u00fanico y personal.\" \/>\n<meta property=\"og:url\" content=\"http:\/\/paulamichelle.payshop.com.co\/?product=boton-amigas-en-el-prado\" \/>\n<meta property=\"og:site_name\" content=\"Paula Michelle Ilustra\" \/>\n<meta property=\"article:modified_time\" content=\"2025-02-21T23:51:10+00:00\" \/>\n<meta property=\"og:image\" content=\"http:\/\/paulamichelle.payshop.com.co\/wp-content\/uploads\/sites\/131\/2024\/07\/Boton-Amigas-en-el-Prado.png\" \/>\n\t<meta property=\"og:image:width\" content=\"810\" \/>\n\t<meta property=\"og:image:height\" content=\"810\" \/>\n\t<meta property=\"og:image:type\" content=\"image\/png\" \/>\n<meta name=\"twitter:card\" content=\"summary_large_image\" \/>\n<script type=\"application\/ld+json\" class=\"yoast-schema-graph\">{\"@context\":\"https:\/\/schema.org\",\"@graph\":[{\"@type\":\"WebPage\",\"@id\":\"http:\/\/paulamichelle.payshop.com.co\/?product=boton-amigas-en-el-prado\",\"url\":\"http:\/\/paulamichelle.payshop.com.co\/?product=boton-amigas-en-el-prado\",\"name\":\"Bot\u00f3n Amigas en el Prado - Paula Michelle Ilustra\",\"isPartOf\":{\"@id\":\"https:\/\/paulamichelle.payshop.com.co\/#website\"},\"primaryImageOfPage\":{\"@id\":\"http:\/\/paulamichelle.payshop.com.co\/?product=boton-amigas-en-el-prado#primaryimage\"},\"image\":{\"@id\":\"http:\/\/paulamichelle.payshop.com.co\/?product=boton-amigas-en-el-prado#primaryimage\"},\"thumbnailUrl\":\"https:\/\/paulamichelle.payshop.com.co\/wp-content\/uploads\/sites\/131\/2024\/07\/Boton-Amigas-en-el-Prado.png\",\"datePublished\":\"2024-07-22T13:08:00+00:00\",\"dateModified\":\"2025-02-21T23:51:10+00:00\",\"breadcrumb\":{\"@id\":\"http:\/\/paulamichelle.payshop.com.co\/?product=boton-amigas-en-el-prado#breadcrumb\"},\"inLanguage\":\"es\",\"potentialAction\":[{\"@type\":\"ReadAction\",\"target\":[\"http:\/\/paulamichelle.payshop.com.co\/?product=boton-amigas-en-el-prado\"]}]},{\"@type\":\"ImageObject\",\"inLanguage\":\"es\",\"@id\":\"http:\/\/paulamichelle.payshop.com.co\/?product=boton-amigas-en-el-prado#primaryimage\",\"url\":\"https:\/\/paulamichelle.payshop.com.co\/wp-content\/uploads\/sites\/131\/2024\/07\/Boton-Amigas-en-el-Prado.png\",\"contentUrl\":\"https:\/\/paulamichelle.payshop.com.co\/wp-content\/uploads\/sites\/131\/2024\/07\/Boton-Amigas-en-el-Prado.png\",\"width\":810,\"height\":810},{\"@type\":\"BreadcrumbList\",\"@id\":\"http:\/\/paulamichelle.payshop.com.co\/?product=boton-amigas-en-el-prado#breadcrumb\",\"itemListElement\":[{\"@type\":\"ListItem\",\"position\":1,\"name\":\"Portada\",\"item\":\"https:\/\/paulamichelle.payshop.com.co\/\"},{\"@type\":\"ListItem\",\"position\":2,\"name\":\"Tienda\",\"item\":\"https:\/\/paulamichelle.payshop.com.co\/?page_id=7\"},{\"@type\":\"ListItem\",\"position\":3,\"name\":\"Bot\u00f3n Amigas en el Prado\"}]},{\"@type\":\"WebSite\",\"@id\":\"https:\/\/paulamichelle.payshop.com.co\/#website\",\"url\":\"https:\/\/paulamichelle.payshop.com.co\/\",\"name\":\"Paula Michelle Ilustra\",\"description\":\"Productos artesanales con ilustraciones \u00fanicas.\",\"potentialAction\":[{\"@type\":\"SearchAction\",\"target\":{\"@type\":\"EntryPoint\",\"urlTemplate\":\"https:\/\/paulamichelle.payshop.com.co\/?s={search_term_string}\"},\"query-input\":{\"@type\":\"PropertyValueSpecification\",\"valueRequired\":true,\"valueName\":\"search_term_string\"}}],\"inLanguage\":\"es\"}]}<\/script>\n<!-- \/ Yoast SEO plugin. -->","yoast_head_json":{"title":"Bot\u00f3n Amigas en el Prado - Paula Michelle Ilustra","robots":{"index":"index","follow":"follow","max-snippet":"max-snippet:-1","max-image-preview":"max-image-preview:large","max-video-preview":"max-video-preview:-1"},"canonical":"http:\/\/paulamichelle.payshop.com.co\/?product=boton-amigas-en-el-prado","og_locale":"es_ES","og_type":"article","og_title":"Bot\u00f3n Amigas en el Prado - Paula Michelle Ilustra","og_description":"Revive momentos de amistad y serenidad con nuestro encantador Bot\u00f3n Amigas en el Prado. Su ilustraci\u00f3n delicada de dos chicas recostadas en un prado verde, capturando la belleza de la complicidad y la naturaleza.Caracter\u00edsticas:Material: Bot\u00f3n redondo y met\u00e1lico con gancho.Medidas: 5,8 cm.Ideal para:\u00a0 Combinar con diferentes estilos y prendas, a\u00f1adiendo un toque \u00fanico y personal.","og_url":"http:\/\/paulamichelle.payshop.com.co\/?product=boton-amigas-en-el-prado","og_site_name":"Paula Michelle Ilustra","article_modified_time":"2025-02-21T23:51:10+00:00","og_image":[{"width":810,"height":810,"url":"http:\/\/paulamichelle.payshop.com.co\/wp-content\/uploads\/sites\/131\/2024\/07\/Boton-Amigas-en-el-Prado.png","type":"image\/png"}],"twitter_card":"summary_large_image","schema":{"@context":"https:\/\/schema.org","@graph":[{"@type":"WebPage","@id":"http:\/\/paulamichelle.payshop.com.co\/?product=boton-amigas-en-el-prado","url":"http:\/\/paulamichelle.payshop.com.co\/?product=boton-amigas-en-el-prado","name":"Bot\u00f3n Amigas en el Prado - Paula Michelle Ilustra","isPartOf":{"@id":"https:\/\/paulamichelle.payshop.com.co\/#website"},"primaryImageOfPage":{"@id":"http:\/\/paulamichelle.payshop.com.co\/?product=boton-amigas-en-el-prado#primaryimage"},"image":{"@id":"http:\/\/paulamichelle.payshop.com.co\/?product=boton-amigas-en-el-prado#primaryimage"},"thumbnailUrl":"https:\/\/paulamichelle.payshop.com.co\/wp-content\/uploads\/sites\/131\/2024\/07\/Boton-Amigas-en-el-Prado.png","datePublished":"2024-07-22T13:08:00+00:00","dateModified":"2025-02-21T23:51:10+00:00","breadcrumb":{"@id":"http:\/\/paulamichelle.payshop.com.co\/?product=boton-amigas-en-el-prado#breadcrumb"},"inLanguage":"es","potentialAction":[{"@type":"ReadAction","target":["http:\/\/paulamichelle.payshop.com.co\/?product=boton-amigas-en-el-prado"]}]},{"@type":"ImageObject","inLanguage":"es","@id":"http:\/\/paulamichelle.payshop.com.co\/?product=boton-amigas-en-el-prado#primaryimage","url":"https:\/\/paulamichelle.payshop.com.co\/wp-content\/uploads\/sites\/131\/2024\/07\/Boton-Amigas-en-el-Prado.png","contentUrl":"https:\/\/paulamichelle.payshop.com.co\/wp-content\/uploads\/sites\/131\/2024\/07\/Boton-Amigas-en-el-Prado.png","width":810,"height":810},{"@type":"BreadcrumbList","@id":"http:\/\/paulamichelle.payshop.com.co\/?product=boton-amigas-en-el-prado#breadcrumb","itemListElement":[{"@type":"ListItem","position":1,"name":"Portada","item":"https:\/\/paulamichelle.payshop.com.co\/"},{"@type":"ListItem","position":2,"name":"Tienda","item":"https:\/\/paulamichelle.payshop.com.co\/?page_id=7"},{"@type":"ListItem","position":3,"name":"Bot\u00f3n Amigas en el Prado"}]},{"@type":"WebSite","@id":"https:\/\/paulamichelle.payshop.com.co\/#website","url":"https:\/\/paulamichelle.payshop.com.co\/","name":"Paula Michelle Ilustra","description":"Productos artesanales con ilustraciones \u00fanicas.","potentialAction":[{"@type":"SearchAction","target":{"@type":"EntryPoint","urlTemplate":"https:\/\/paulamichelle.payshop.com.co\/?s={search_term_string}"},"query-input":{"@type":"PropertyValueSpecification","valueRequired":true,"valueName":"search_term_string"}}],"inLanguage":"es"}]}},"_links":{"self":[{"href":"https:\/\/paulamichelle.payshop.com.co\/index.php?rest_route=\/wp\/v2\/product\/310","targetHints":{"allow":["GET"]}}],"collection":[{"href":"https:\/\/paulamichelle.payshop.com.co\/index.php?rest_route=\/wp\/v2\/product"}],"about":[{"href":"https:\/\/paulamichelle.payshop.com.co\/index.php?rest_route=\/wp\/v2\/types\/product"}],"replies":[{"embeddable":true,"href":"https:\/\/paulamichelle.payshop.com.co\/index.php?rest_route=%2Fwp%2Fv2%2Fcomments&post=310"}],"wp:featuredmedia":[{"embeddable":true,"href":"https:\/\/paulamichelle.payshop.com.co\/index.php?rest_route=\/wp\/v2\/media\/265"}],"wp:attachment":[{"href":"https:\/\/paulamichelle.payshop.com.co\/index.php?rest_route=%2Fwp%2Fv2%2Fmedia&parent=310"}],"wp:term":[{"taxonomy":"product_brand","embeddable":true,"href":"https:\/\/paulamichelle.payshop.com.co\/index.php?rest_route=%2Fwp%2Fv2%2Fproduct_brand&post=310"},{"taxonomy":"product_cat","embeddable":true,"href":"https:\/\/paulamichelle.payshop.com.co\/index.php?rest_route=%2Fwp%2Fv2%2Fproduct_cat&post=310"},{"taxonomy":"product_tag","embeddable":true,"href":"https:\/\/paulamichelle.payshop.com.co\/index.php?rest_route=%2Fwp%2Fv2%2Fproduct_tag&post=310"}],"curies":[{"name":"wp","href":"https:\/\/api.w.org\/{rel}","templated":true}]}}